{"id":2,"date":"2014-11-21T04:51:49","date_gmt":"2014-11-21T04:51:49","guid":{"rendered":"http:\/\/localhost\/wordpress-4.0.1\/wordpress\/?page_id=2"},"modified":"2016-02-17T16:10:37","modified_gmt":"2016-02-17T16:10:37","slug":"notdienst","status":"publish","type":"page","link":"https:\/\/tierarzt-paungarttner.at\/wordpress\/notdienst\/","title":{"rendered":"Notdienst"},"content":{"rendered":"<div style=\"float: left; min-width: 260px; width: 100%;\">\n<div style=\"float: left; min-width: 260px; width: 50%; margin-right: 30px; margin-bottom: 20px;\">\nAuch bei dringenden Notf\u00e4llen bem\u00fchen wir uns, Ihnen jederzeit auch au\u00dferhalb der regul\u00e4ren Ordinationszeiten zur Verf\u00fcgung zu stehen.<\/p>\n<p>Sie erreichen unseren praxiseigenen Notdienst au\u00dferhalb der Ordinationszeiten sowie an Wochenenden und Feiertagen unter der Praxisnummer <strong>07473 \/ 86 13<\/strong>.<\/p>\n<p>In jedem Fall ist es wichtig, dass Sie bei einem Notfall zuerst telefonischen Kontakt mit einem rufbereiten Tierarzt aufnehmen, damit das weitere Geschehen reibungslos ablaufen kann. Es muss an dieser Stelle auch auf die h\u00f6heren Kosten im Rahmen des Notdienstes hingewiesen werden, die in der Regel sofort beglichen werden m\u00fcssen.\n<\/p><\/div>\n<div style=\"float: right; min-width: 260px; width: 40%;\">\n<img decoding=\"async\" src=\"http:\/\/tierarzt-paungarttner.at\/wp-content\/uploads\/aufmacher_07.jpg\">\n<\/div>\n<\/div>\n<p>&nbsp;<\/p>\n","protected":false},"excerpt":{"rendered":"<p>Auch bei dringenden Notf\u00e4llen bem\u00fchen wir uns, Ihnen jederzeit auch au\u00dferhalb der regul\u00e4ren Ordinationszeiten zur Verf\u00fcgung zu stehen. Sie erreichen unseren praxiseigenen Notdienst au\u00dferhalb der Ordinationszeiten sowie an Wochenenden und Feiertagen unter der Praxisnummer 07473 \/ 86 13. In jedem Fall ist es wichtig, dass Sie bei einem Notfall zuerst telefonischen Kontakt mit einem rufbereiten<\/p>\n<a class=\"btn_a\" href=\"https:\/\/tierarzt-paungarttner.at\/wordpress\/notdienst\/\"><span><i class=\"in_left fa fa-angle-right\"><\/i><span>Details<\/span><i class=\"in_right fa fa-angle-right\"><\/i><\/span><\/a>","protected":false},"author":2,"featured_media":0,"parent":0,"menu_order":5,"comment_status":"open","ping_status":"open","template":"page-fullwidth.php","meta":{"footnotes":""},"_links":{"self":[{"href":"https:\/\/tierarzt-paungarttner.at\/wordpress\/wp-json\/wp\/v2\/pages\/2"}],"collection":[{"href":"https:\/\/tierarzt-paungarttner.at\/wordpress\/wp-json\/wp\/v2\/pages"}],"about":[{"href":"https:\/\/tierarzt-paungarttner.at\/wordpress\/wp-json\/wp\/v2\/types\/page"}],"author":[{"embeddable":true,"href":"https:\/\/tierarzt-paungarttner.at\/wordpress\/wp-json\/wp\/v2\/users\/2"}],"replies":[{"embeddable":true,"href":"https:\/\/tierarzt-paungarttner.at\/wordpress\/wp-json\/wp\/v2\/comments?post=2"}],"version-history":[{"count":8,"href":"https:\/\/tierarzt-paungarttner.at\/wordpress\/wp-json\/wp\/v2\/pages\/2\/revisions"}],"predecessor-version":[{"id":172,"href":"https:\/\/tierarzt-paungarttner.at\/wordpress\/wp-json\/wp\/v2\/pages\/2\/revisions\/172"}],"wp:attachment":[{"href":"https:\/\/tierarzt-paungarttner.at\/wordpress\/wp-json\/wp\/v2\/media?parent=2"}],"curies":[{"name":"wp","href":"https:\/\/api.w.org\/{rel}","templated":true}]}}